e factors of s.
2, 17
Let p(q) = 2*q**2 - 2*q - 11. Let a(n) = n**2 - n - 5. Let y(h) = 7*a(h) - 3*p(h). Suppose -5*k + 0 = -15. What are the prime factors of y(k)?
2
Suppose -245*f = -256*f + 11077. What are the prime factors of f?
19, 53
Let w = 47 - -37. Suppose -35 = 3*o + 127. Let p = o + w. List the prime factors of p.
2, 3, 5
Let w(q) = -q**3 - 4*q**2 - 3*q + 4. Let l be w(-3). Let t(u) = 2*u - 2. Let y be t(l). Let c(n) = n**3 - 4*n**2 - 8*n + 8. List the prime factors of c(y).
2
Let k = 113 + -111. Let d be 1/(2*1/98). Suppose k*r - d = 65. List the prime factors of r.
3, 19
Let o be (-144)/(-54)*21/(-4). List the prime factors of 26/(-4)*o/1.
7, 13
Let c = 119 + -107. Let f(o) be the first derivative of o**2 - 5*o - 2. List the prime factors of f(c).
19
Suppose 2*f - 3*t - 10 = 0, -4*t - 20 = 4*f - 0*t. Let z be 1/((12/27)/4). Let w = z - f. What are the prime factors of w?
2, 5
Let x = 2049 - 880. List the prime factors of x.
7, 167
Let b = 20 - 25. Let a be (-2)/(-4)*(b - -5). Suppose -c + a*c + 25 = 0. List the prime factors of c.
5
Let j = 18 + -114. Let y = -57 - j. List the prime factors of y.
3, 13
Suppose 5*c - 7*c = -4. Suppose -c*k - 3*k - 300 = 0. Let w = 96 + k. What are the prime factors of w?
2, 3
Suppose -4*j = -3*o - 1519, 2027 = 5*j + 3*o + 162. List the prime factors of j.
2, 47
Let c(q) = q**3 - 7*q**2 + 6*q + 17. What are the prime factors of c(9)?
233
Let q(y) = y**2 + 5*y + 121. List the prime factors of q(55).
11, 311
Let d be (-6 + 4)*(-10)/4. Suppose 0 = 4*g - d*g - 13. Let i = g - -24. List the prime factors of i.
11
Suppose -3*g + 21 = 4*d - 4*g, 0 = 5*d - 3*g - 28. Let w = d - -58. List the prime factors of w.
3, 7
Suppose 5*u - 82*m = -81*m + 16006, 0 = -3*u + 2*m + 9605. What are the prime factors of u?
3, 11, 97
Suppose 6*y - 9 = 3. Let d(t) = 156*t - 12. List the prime factors of d(y).
2, 3, 5
Let m(j) = j**3 - 6*j**2 + 4*j - 3. Let g be m(7). Let d = 134 - g. List the prime factors of d.
2, 3, 5
Let m(x) = 2*x + 28 - x - 36. Let d be m(3). Let j = 40 - d. What are the prime factors of j?
3, 5
Let s(x) = -x**3 + 11*x**2 - 14*x + 3. Let q be s(11). Let h = q - -277. Suppose 4*y + 142 = 3*o + 2*o, -4*o - 3*y + h = 0. What are the prime factors of o?
2, 3, 5
Let u = -319 + 661. What are the prime factors of u?
2, 3, 19
Suppose 0 = 5*i - 103 - 147. Suppose -2*a + a + i = 0. What are the prime factors of a?
2, 5
Suppose -s + 0*s - 3*z - 30 = 0, 90 = -3*s + z. List the prime factors of (9*(-32)/20)/(4/s).
2, 3
Let h(w) = w**2 + 13*w. Let r be h(-13). Suppose -q - 2*c + 10 = -r, 5*c = -2*q + 25. Suppose 18 = 3*t - 2*b - b, -3*b = q. What are the prime factors of t?
2, 3
Suppose 0 = -i + 17*i + 880. Let y = -43 - i. What are the prime factors of y?
2, 3
Suppose 5*m + 2*v - v = -367, -m - 3*v = 79. Let l = -12 - m. List the prime factors of l.
61
Let l = 520 - -76. What are the prime factors of l?
2, 149
Let a(j) = -j - j - j**2 - 1 + j. Let p be a(-2). List the prime factors of (2/p)/((-2)/45).
3, 5
Let y(s) = -2*s**3 - 4*s**2 - 4*s - 2. Let b be y(-2). Suppose 4*d - 2*d = b. List the prime factors of d - 2*-8 - -1.
2, 5
Suppose 24*g = 34*g - 2230. What are the prime factors of g?
223
Let c(r) = 3*r + 437. List the prime factors of c(25).
2
Suppose 3*f - 13 = -1. Let n(q) = 15*q - 12. What are the prime factors of n(f)?
2, 3
Let k = -193 - -271. Suppose 0 = 2*q + 3*q + 3*r - 354, q + 3*r = k. What are the prime factors of q?
3, 23
Let a(i) = 2*i**3 - 6*i**2 + 8*i + 6. What are the prime factors of a(4)?
2, 5, 7
Let g be (-6)/(-2) - (-1 - -56)*-1. List the prime factors of (-1)/(-1 - g/(-60)).
2, 3, 5
Let z(b) = 2*b**2 + 36*b + 24. List the prime factors of z(20).
2, 193
Suppose 3*z = 4*z - 5. List the prime factors of 3 - (5/(z/(-3)) - 49).
5, 11
Let m(x) = -2*x**3 + 5*x**2 + 2*x - 8. Let t(g) = -g**3 - 1. Let a(o) = -m(o) + 3*t(o). Let d be 30/2*(-2)/6. List the prime factors of a(d).
3, 5
Let d(o) = -o**2 + 7*o - 7. Let u be d(5). Suppose -30 = -u*m - 2*m. List the prime factors of 184/m - 1/(-3).
31
Suppose -2*b - 2*b = 0. Suppose b = -7*z + 3*z. Let n = z + 13. List the prime factors of n.
13
Suppose 4*j - 21 + 9 = 0. Suppose -7*s = -3*s + 5*u - 179, -j*u = 15. What are the prime factors of s?
3, 17
Suppose 4*x + 5200 = 4*d, 0*x + 1285 = d + 2*x. List the prime factors of d.
5, 7, 37
Let j be (-4)/8 - (-22)/4. Let v(i) = 3 - i**2 + j*i - i**2 + 3*i**3 - 3*i**3 - i**3. What are the prime factors of v(-5)?
53
Suppose -5*m - 22*j + 18*j + 4680 = 0, 2*j = 0. What are the prime factors of m?
2, 3, 13
Let k(a) = 2*a + 28. Let c be k(16). Suppose -56*z + 53*z + c = 0. List the prime factors of z.
2, 5
Suppose 2*p = 0, -4*u - 2*p + 14 = 2. Let g be (-556)/(-8) - u/6. List the prime factors of 3*g/9 + -1.
2, 11
Let j be ((-4)/(-6))/((-344)/(-57) + -6). Suppose -341 = -18*v + j. List the prime factors of v.
2, 5
Let d = 68 + -64. Suppose b = 3*b - 2*t - 172, d*b - 2*t = 342. List the prime factors of b.
5, 17
Suppose 13*r = 11033 + 7375. List the prime factors of r.
2, 3, 59
Suppose 5*g - 1032 = 9983. List the prime factors of g.
2203
Suppose -5*j + f + 298 = -248, -2*j + 5*f + 223 = 0. What are the prime factors of j?
109
Suppose -8*x = -3*x - 15. Suppose -v = -4*r - 4 - 41, 157 = 5*v - x*r. What are the prime factors of v?
29
Suppose -1695 = -4*f - l, -3*f + 1573 - 328 = 6*l. List the prime factors of f.
5, 17
Let h be ((-10)/6)/(50/60). Let x = 12 + -7. Let r = x - h. What are the prime factors of r?
7
Let h be 2/(-5*(-4)/30). Suppose 77 = h*b - 1. What are the prime factors of b?
2, 13
Suppose -10 = -5*k + 5. List the prime factors of 188/k - 14/21.
2, 31
Suppose 4*d + 4*a - 293 - 367 = 0, -d + 177 = 4*a. List the prime factors of d.
7, 23
Let c = -13 - -9. Let r = c - -2. What are the prime factors of 13*(r + (5 - 2))?
13
Let a(k) = 26*k**3 + 10*k - 6. What are the prime factors of a(4)?
2, 3, 283
Let g(z) = -z + 4. Let f be g(0). Suppose -4*o + 0*l - f*l = -148, 3*l - 12 = 0. What are the prime factors of o?
3, 11
Let t be (10/(-6))/(5/(-15)). Let s be (2/t)/(1/235). Suppose -s = -2*p + v + 3*v, -4*p + 3*v = -163. What are the prime factors of p?
37
Suppose -10*c = 12 + 88. Let x(i) = -i**2 + 6*i - 4. Let l be x(6). List the prime factors of (c/l)/((-3)/(-18)).
3, 5
Let z be 1*(4/(-14))/((-2)/14). Suppose -4*s + s + 252 = 3*h, 164 = z*h - 2*s. List the prime factors of h.
83
Let n = 14 - 19. Let r = n + 6. What are the prime factors of 1 + r - (4 - 11)?
3
Suppose 5*j + y - 40 = 6, -j + 14 = 5*y. Let n = -19 - j. Let r = 49 + n. What are the prime factors of r?
3, 7
Let b(h) be the third derivative of -h**6/15 - h**5/15 - 5*h**4/24 - 3*h**3/2 - 9*h**2. What are the prime factors of b(-3)?
2, 3, 31
Let u = 4853 + -2647. What are the prime factors of u?
2, 1103
Let g(h) = -h**2 + 9*h + 4. Let x be g(8). Suppose 0 = 8*u - 20 - x. What are the prime factors of u?
2
Suppose 2*p - 12 = -4*v, 5*p - v - 4*v = -15. Suppose -m + 7 + 100 = p. What are the prime factors of m?
107
Suppose -3*a - 60 = -3*q, 0*a + 4*a = 5*q - 95. Suppose -w + 216 = 2*t, -5*w - q - 5 = 0. Suppose -5*i + 90 + t = 0. List the prime factors of i.
2, 5
Let l = 143 - 269. Let i = -82 - l. What are the prime factors of i?
2, 11
Let t(h) = 172*h - 70. What are the prime factors of t(7)?
2, 3, 7
Suppose 23*d = 17326 + 5076. What are the prime factors of d?
2, 487
Let v(x) = 103*x**2 + 20 - 50*x**2 + 7*x - 52*x**2. What are the prime factors of v(-13)?
2, 7
List the prime factors of (-60)/(-4) + -1 + 8.
2, 11
Let n(l) be the first derivative of l**3/3 - l**2/2 + 8*l - 16. List the prime factors of n(5).
2, 7
Suppose 0 = 4*o - 3 - 25. Let j(a) = 3*a**2 - 12*a + 24. What are the prime factors of j(o)?
3, 29
Let v be ((-44)/8)/(2/(-4)). Let w = v - 30. Let h = 32 + w. List the prime factors of h.
13
Let l(k) = 4*k**2 + k. Let w be l(-1). Suppose 59 = -2*a + w*a. What are the prime factors of a?
59
Let y(o) = 5*o**2 - 12*o - 1. What are the prime factors of y(4)?
31
What are the prime factors of (-6)/(-6) + 3*1588/12?
2, 199
Suppose 0 = 2*w - 5*w. Suppose w = -38*p + 43*p - 460. List the prime factors of p.
2, 23
Let p(a) be the third derivative of -a**5/60 + a**4/4 + 11*a**3/6 - 7*a**2. Let v(m) = -3*m - 6. Let c be v(-4). List the prime factors of p